se
Is 942401 a composite number?
False
Is 23513663 prime?
True
Is 865211 composite?
False
Is 86331031 composite?
False
Is 105998323 composite?
False
Is 34463953 composite?
False
Is 14707015 prime?
False
Is 1230107 composite?
False
Is 95291639 prime?
False
Is 2820571 a composite number?
True
Is 279347 prime?
False
Is 4898183 a composite number?
False
Is 1071535151 composite?
False
Is 20355743 prime?
False
Is 1263469 a prime number?
False
Is 2727347 prime?
False
Is 344694511 composite?
True
Is 1157033 prime?
True
Is 21152398 composite?
True
Is 5862551 prime?
False
Is 23343893 composite?
True
Is 353861983 a prime number?
False
Is 63949 a composite number?
False
Is 192529 a composite number?
False
Is 4284002 composite?
True
Is 266311 a composite number?
True
Is 365168327 a prime number?
True
Is 19479917 a composite number?
False
Is 4065709 a prime number?
False
Is 4981861 composite?
False
Is 11281577 a composite number?
False
Is 94838873 a prime number?
True
Is 296898631 a composite number?
True
Is 40581721 composite?
False
Is 10825187 a prime number?
True
Is 655732849 a composite number?
True
Is 108453589 a prime number?
False
Is 4301053 a prime number?
True
Is 3468406 a prime number?
False
Is 10232371 a prime number?
False
Is 19590961 composite?
True
Is 17164097 prime?
True
Is 36677923 a composite number?
True
Is 858500881 composite?
True
Is 102071489 prime?
False
Is 369896195 composite?
True
Is 1014719 a prime number?
True
Is 6285481 a prime number?
True
Is 883716229 a composite number?
True
Is 3006893 composite?
True
Is 30789518 prime?
False
Is 565290745 composite?
True
Is 136470671 a composite number?
False
Is 1439557 a prime number?
False
Is 3727387 composite?
False
Is 11580821 composite?
True
Is 9345619 a composite number?
False
Is 26294263 a prime number?
False
Is 4238911 prime?
True
Is 1216193 a composite number?
True
Is 6665959 a composite number?
False
Is 24998123 a composite number?
True
Is 51479159 prime?
True
Is 3233119 composite?
False
Is 139669507 a composite number?
True
Is 1209282961 a composite number?
True
Is 108212933 a composite number?
True
Is 38177567 prime?
True
Is 14523433 composite?
True
Is 1261171 a composite number?
False
Is 9807943 a prime number?
True
Is 5640961 a prime number?
True
Is 4506573 composite?
True
Is 4169491 a prime number?
True
Is 1884721 prime?
True
Is 11866997 a prime number?
True
Is 72863663 a prime number?
True
Is 461090627 composite?
False
Is 10921107 prime?
False
Is 419326087 a composite number?
True
Is 34260757 a prime number?
True
Is 25040395 a prime number?
False
Is 131464423 prime?
True
Is 6126929 a composite number?
False
Is 2396483 prime?
False
Is 133957 a prime number?
False
Is 703977943 prime?
False
Is 1087733 composite?
True
Is 194279 composite?
True
Is 10021159 prime?
False
Is 112061 a prime number?
True
Is 1099529 prime?
False
Is 8383747 a composite number?
True
Is 856833 prime?
False
Is 291423019 a composite number?
False
Is 5674507 a prime number?
True
Is 585776343 a prime number?
False
Is 11739709 a composite number?
False
Is 7958893 a prime number?
True
Is 11160965 prime?
False
Is 255597357 a prime number?
False
Is 8298358 composite?
True
Is 127047 composite?
True
Is 627275717 composite?
True
Is 1005247 prime?
False
Is 86535607 a prime number?
False
Is 86060573 a composite number?
False
Is 921691921 prime?
False
Is 73777811 composite?
False
Is 13861303 a composite number?
False
Is 50011 prime?
False
Is 9734051 a composite number?
False
Is 18496865 prime?
False
Is 1863239 a prime number?
False
Is 1118323 prime?
False
Is 923512897 a prime number?
True
Is 3552503 a prime number?
True
Is 3422333 composite?
True
Is 43761019 a composite number?
True
Is 77123 a composite number?
True
Is 84697637 a composite number?
True
Is 102030541 prime?
True
Is 6935567 composite?
True
Is 4482958 composite?
True
Is 322543483 a prime number?
False
Is 3030487 a composite number?
True
Is 463028849 prime?
True
Is 18348289 a prime number?
True
Is 15594617 prime?
True
Is 26830967 a composite number?
False
Is 54715317 prime?
False
Is 2604463 prime?
False
Is 2713271 a prime number?
False
Is 2828083 a prime number?
True
Is 9577037 a composite number?
True
Is 74151073 a prime number?
True
Is 4589791 prime?
True
Is 51709133 a prime number?
False
Is 288467317 prime?
False
Is 108675493 composite?
True
Is 605437 prime?
False
Is 375805 prime?
False
Is 7382489 prime?
True
Is 3555997 prime?
False
Is 36909167 a composite number?
True
Is 160484287 composite?
True
Is 88516799 a prime number?
False
Is 114464299 composite?
False
Is 56746579 prime?
True
Is 524013029 a prime number?
True
Is 883391 a composite number?
False
Is 432043 composite?
False
Is 48376051 a prime number?
False
Is 629388806 composite?
True
Is 3280157 prime?
True
Is 44990833 composite?
False
Is 83987093 prime?
False
Is 349241 composite?
False
Is 3956993 prime?
False
Is 3490687 composite?
True
Is 1396643 a composite number?
True
Is 1041773 a composite number?
True
Is 499109 a prime number?
False
Is 68120597 composite?
False
Is 3373691 composite?
True
Is 546905773 a composite number?
False
Is 10062907 a prime number?
True
Is 63034819 prime?
False
Is 501444059 a prime number?
False
Is 43600783 prime?
False
Is 1573853 a prime number?
False
Is 14476507 a prime number?
True
Is 93080809 a composite number?
False
Is 601899913 a composite number?
False
Is 455449 a composite number?
True
Is 2841961 a composite number?
False
Is 352896779 a composite number?
False
Is 298569 a prime number?
False
Is 2714722 a prime number?
False
Is 765908057 a composite number?
False
Is 4271443 a composite number?
True
Is 33177307 composite?
True
Is 8164649 composite?
True
Is 730547 prime?
False
Is 16677509 prime?
False
Is 300337291 composite?
True
Is 2074031 a composite number?
False
Is 4871053 composite?
True
Is 69961943 composite?
False
Is 6396211 composite?
True
Is 8193683 composite?
True
Is 266928877 a composite number?
False
Is 76470899 a composite number?
True
Is 4728287 a composite number?
False
Is 703193 prime?
True
Is 97856543 prime?
True
Is 71018 prime?
False
Is 332083911 composite?
True
Is 5741579 prime?
True
Is 2027663 composite?
True
Is 150716887 prime?
True
Is 171544999 composite?
False
Is 15038171 prime?
False
Is 31448539 a prime number?
False
Is 33951763 a composite number?
False
Is 22532863 composite?
True
Is 70573909 prime?
False
Is 1871987 a composite number?
True
Is 73544563 a composite number?
False
Is 11440861 a composite number?
True
Is 688861 composite?
False
Is 140170447 a prime number?
True
Is 493923977 prime?
False
Is 35865629 a prime number?
True
Is 14663723 prime?
True
Is 25153831 composite?
True
Is 4889077 a composite number?
False
Is 41955331 a prime number?
False
Is 7837883 a prime number?
True
Is 37050809 a prime number?
True
Is 203775787 a prime number?
False
Is 2536505 composite?
True
Is 26426357 prime?
True
Is 33673889 composite?
True
Is 16640947 composite?
True
Is 10038467 a prime number?
True
Is 4233893 composite?
True
Is 113282333 composite?
False
Is 29362063 a composite number?
False
Is 1038053 a prime number?
False
Is 28024019 composite?
False
Is 542513663 composite?
False
Is 1730429 a prime number?
True
Is 122817781 prime?
True
Is 76372399 a prime number?
False
Is 14282791 prime?
True
Is 176585957 a composite number?
False
Is 5466457 prime?
False
Is 181851863 a composite number?
False
Is 6614911 composite?
False
Is 158346218 a prime number?
False
Is 85982791 a prime number?
True
Is 5167061 a prime number?
True
Is 163820827 composite?
True
Is 704458 a composite number?
True
Is 19805509 prime?
True
Is 22708759 composite?
True
Is 563743 composite?
False
Is 2014918 prime?
False
Is 76855967 prime?
False
Is 7199845 a composite number?
True
Is 44725579 prime?
True
Is 93782581 composite?
True
Is 18191629 composite?
True
Is 3470099 prime?
True
Is 33259 prime?
False
Is 1061393 composite?
False
Is 79341461 prime?
True
Is 11955599 composite?
False
Is 21314569 prime?
True
Is 79367791 a prime number?
False
Is 31448111 composite?
False
Is 5476102 prime?
False
Is 42072157 a prime number?
True
Is 9067379 prime?
False
Is 9456191 a prime number?
True
Is 8762389 a prime number?
True
Is 29046361 a composite number?
False
Is 29780797 a composite number?
False
Is